68701 is divided by 554.
11
Calculate the remainder when 3715935 is divided by 1238645.
0
What is the remainder when 5125 is divided by 157?
101
Calculate the remainder when 1907 is divided by 165.
92
What is the remainder when 18838 is divided by 6270?
28
What is the remainder when 75701 is divided by 8?
5
What is the remainder when 1693 is divided by 917?
776
What is the remainder when 266932 is divided by 271?
268
What is the remainder when 29525 is divided by 133?
132
What is the remainder when 7568 is divided by 702?
548
What is the remainder when 5533 is divided by 230?
13
What is the remainder when 2828029 is divided by 173?
171
What is the remainder when 9194 is divided by 240?
74
What is the remainder when 9768 is divided by 3256?
0
What is the remainder when 1175 is divided by 36?
23
Calculate the remainder when 48601 is divided by 322.
301
Calculate the remainder when 10226 is divided by 1135.
11
Calculate the remainder when 159 is divided by 50.
9
What is the remainder when 1594 is divided by 4?
2
Calculate the remainder when 22527 is divided by 512.
511
What is the remainder when 4304 is divided by 205?
204
What is the remainder when 5626 is divided by 8?
2
Calculate the remainder when 9842 is divided by 3280.
2
Calculate the remainder when 8829 is divided by 56.
37
Calculate the remainder when 19296 is divided by 6183.
747
What is the remainder when 705 is divided by 17?
8
Calculate the remainder when 43996 is divided by 14608.
172
What is the remainder when 2244 is divided by 325?
294
Calculate the remainder when 25323 is divided by 185.
163
What is the remainder when 748 is divided by 122?
16
Calculate the remainder when 10020 is divided by 10016.
4
Calculate the remainder when 15874 is divided by 111.
1
What is the remainder when 15500 is divided by 204?
200
What is the remainder when 13231 is divided by 148?
59
Calculate the remainder when 371541 is divided by 71.
69
What is the remainder when 638 is divided by 211?
5
Calculate the remainder when 25150 is divided by 219.
184
Calculate the remainder when 1353 is divided by 293.
181
Calculate the remainder when 2047 is divided by 273.
136
Calculate the remainder when 272072 is divided by 338.
320
What is the remainder when 220868 is divided by 108?
8
Calculate the remainder when 9443 is divided by 136.
59
What is the remainder when 977 is divided by 665?
312
What is the remainder when 1179912 is divided by 932?
0
Calculate the remainder when 11465 is divided by 2660.
825
Calculate the remainder when 41152 is divided by 71.
43
Calculate the remainder when 22656 is divided by 13.
10
Calculate the remainder when 4643 is divided by 4320.
323
Calculate the remainder when 31928 is divided by 15931.
66
Calculate the remainder when 4506 is divided by 225.
6
Calculate the remainder when 7576 is divided by 505.
1
What is the remainder when 71807 is divided by 68?
67
Calculate the remainder when 1646567 is divided by 1386.
1385
What is the remainder when 63546 is divided by 223?
214
Calculate the remainder when 16707 is divided by 174.
3
What is the remainder when 1639 is divided by 96?
7
What is the remainder when 1026 is divided by 360?
306
Calculate the remainder when 2303 is divided by 1139.
25
Calculate the remainder when 2258 is divided by 601.
455
What is the remainder when 26154 is divided by 191?
178
Calculate the remainder when 44090 is divided by 350.
340
Calculate the remainder when 976 is divided by 239.
20
What is the remainder when 33575 is divided by 381?
47
What is the remainder when 44269 is divided by 1050?
169
Calculate the remainder when 30058 is divided by 15.
13
What is the remainder when 31371 is divided by 114?
21
What is the remainder when 3050 is divided by 3023?
27
Calculate the remainder when 2213 is divided by 1740.
473
What is the remainder when 19008 is divided by 1883?
178
Calculate the remainder when 41315 is divided by 20.
15
What is the remainder when 4607 is divided by 470?
377
Calculate the remainder when 3079 is divided by 216.
55
What is the remainder when 3194 is divided by 1553?
88
Calculate the remainder when 316 is divided by 157.
2
What is the remainder when 798715 is divided by 78?
73
What is the remainder when 3230 is divided by 1061?
47
What is the remainder when 34808 is divided by 34804?
4
What is the remainder when 195073 is divided by 48767?
5
Calculate the remainder when 4004 is divided by 1330.
14
What is the remainder when 6453 is divided by 209?
183
What is the remainder when 9045502 is divided by 453?
451
Calculate the remainder when 9109 is divided by 93.
88
What is the remainder when 136009 is divided by 190?
159
What is the remainder when 73712 is divided by 105?
2
Calculate the remainder when 106022 is divided by 35321.
59
What is the remainder when 7528 is divided by 217?
150
What is the remainder when 29989 is divided by 5985?
64
What is the remainder when 32090 is divided by 15330?
1430
Calculate the remainder when 107454 is divided by 129.
126
Calculate the remainder when 301027 is divided by 666.
661
What is the remainder when 729 is divided by 241?
6
What is the remainder when 502193 is divided by 90?
83
Calculate the remainder when 3747 is divided by 132.
51
What is the remainder when 9086 is divided by 512?
382
What is the remainder when 4934344 is divided by 1407?
1402
What is the remainder when 1587 is divided by 720?
147
Calculate the remainder when 3857 is divided by 104.
9
What is the remainder when 3281 is divided by 646?
51
Calculate the remainder when 2216 is divided by 248.
232
Calculate the remainder when 2359 is divided by 261.
10
What is the remainder when 12005 is divided by 597?
65
What is the remainder when 285 is divided by 137?
11
Calculate the remainder when 10032 is divided by 990.
132
What is the remainder when 3293 is divided by 100?
93
Calculate the remainder when 23785 is divided by 38.
35
Calculate the remainder when 90349 is divided by 227.
3
Calculate the remainder when 2730 is divided by 211.
198
Calculate the remainder when 74411 is divided by 477.
476
Calculate the remainder when 170505 is divided by 155.
5
What is the remainder when 1892 is divided by 862?
168
What is the remainder when 9400 is divided by 782?
16
What is the remainder when 1943 is divided by 1547?
396
Calculate the remainder when 18175 is divided by 105.
10
What is the remainder when 282707 is divided by 429?
425
Calculate the remainder when 181754 is divided by 561.
551
What is the remainder when 47798 is divided by 148?
142
What is the remainder when 16290 is divided by 8133?
24
Calculate the remainder when 114409 is divided by 13.
9
Calculate the remainder when 839447 is divided by 31.
29
What is the remainder when 2188 is divided by 450?
388
Calculate the remainder when 2453 is divided by 814.
11
Calculate the remainder when 341911 is divided by 316.
315
Calculate the remainder when 7756 is divided by 80.
76
Calculate the remainder when 2616 is divided by 18.
6
Calculate the remainder when 1819 is divided by 843.
133
What is the remainder when 8033 is divided by 1721?
1149
What is the remainder when 247627 is divided by 36?
19
Calculate the remainder when 16537 is divided by 286.
235
Calculate the remainder when 81271 is divided by 511.
22
What is the remainder when 1509685 is divided by 15?
10
Calculate the remainder when 13240 is divided by 1889.
17
What is the remainder when 444 is divided by 167?
110
Calculate the remainder when 6895 is divided by 16.
15
What is the remainder when 6313131 is divided by 366?
363
What is the remainder when 16545 is divided by 218?
195
Calculate the remainder when 4472 is divided by 359.
164
What is the remainder when 274 is divided by 89?
7
What is the remainder when 1976 is divided by 396?
392
Calculate the remainder when 45351 is divided by 177.
39
What is the remainder when 11529 is divided by 226?
3
What is the remainder when 1858 is divided by 188?
166
Calculate the remainder when 55217 is divided by 55213.
4
What is the remainder when 4684409 is divided by 19?
16
Calculate the remainder when 16229 is divided by 56.
45
Calculate the remainder when 76941 is divided by 14.
11
What is the remainder when 136633 is divided by 45524?
61
Calculate the remainder when 110192 is divide